 digit of 530650?
6
What is the units digit of 6008441?
1
What is the ten thousands digit of 196982?
9
What is the thousands digit of 293225?
3
What is the thousands digit of 201414?
1
What is the units digit of 274395?
5
What is the hundred thousands digit of 13315864?
3
What is the hundreds digit of 538384?
3
What is the hundreds digit of 5691501?
5
What is the hundred thousands digit of 2409816?
4
What is the hundreds digit of 957679?
6
What is the hundreds digit of 310088?
0
What is the ten thousands digit of 46609?
4
What is the tens digit of 537175?
7
What is the hundred thousands digit of 476086?
4
What is the ten thousands digit of 1590440?
9
What is the thousands digit of 4942301?
2
What is the hundreds digit of 2395?
3
What is the hundreds digit of 158408?
4
What is the tens digit of 5891125?
2
What is the ten thousands digit of 3025351?
2
What is the hundred thousands digit of 3149268?
1
What is the hundreds digit of 4748774?
7
What is the ten millions digit of 14680009?
1
What is the hundred thousands digit of 175820?
1
What is the thousands digit of 2286870?
6
What is the units digit of 84887?
7
What is the units digit of 1543913?
3
What is the tens digit of 4935078?
7
What is the tens digit of 12506482?
8
What is the units digit of 7839894?
4
What is the ten thousands digit of 1316880?
1
What is the units digit of 143242?
2
What is the hundred thousands digit of 697892?
6
What is the hundred thousands digit of 258873?
2
What is the thousands digit of 9527336?
7
What is the millions digit of 1017068?
1
What is the ten millions digit of 10647262?
1
What is the tens digit of 213604?
0
What is the tens digit of 5473469?
6
What is the tens digit of 423366?
6
What is the hundred thousands digit of 527868?
5
What is the hundred thousands digit of 13822930?
8
What is the thousands digit of 156861?
6
What is the hundred thousands digit of 313550?
3
What is the thousands digit of 6112438?
2
What is the hundred thousands digit of 7778713?
7
What is the ten thousands digit of 3172776?
7
What is the thousands digit of 168584?
8
What is the ten thousands digit of 417076?
1
What is the tens digit of 610434?
3
What is the units digit of 27013?
3
What is the hundreds digit of 686383?
3
What is the tens digit of 2465611?
1
What is the thousands digit of 348183?
8
What is the hundreds digit of 566881?
8
What is the hundred thousands digit of 11577263?
5
What is the hundreds digit of 4203487?
4
What is the thousands digit of 197303?
7
What is the thousands digit of 10833?
0
What is the units digit of 369519?
9
What is the thousands digit of 3413560?
3
What is the hundreds digit of 205875?
8
What is the millions digit of 22987736?
2
What is the hundreds digit of 123675?
6
What is the hundreds digit of 19425344?
3
What is the thousands digit of 387081?
7
What is the thousands digit of 846041?
6
What is the ten thousands digit of 3266866?
6
What is the thousands digit of 1950589?
0
What is the thousands digit of 1802978?
2
What is the hundreds digit of 313064?
0
What is the tens digit of 471347?
4
What is the hundred thousands digit of 3125715?
1
What is the thousands digit of 248486?
8
What is the hundreds digit of 842646?
6
What is the ten thousands digit of 309262?
0
What is the hundreds digit of 1659655?
6
What is the hundred thousands digit of 8625825?
6
What is the units digit of 7917624?
4
What is the hundred thousands digit of 1239109?
2
What is the tens digit of 4930732?
3
What is the units digit of 239455?
5
What is the hundreds digit of 28910?
9
What is the tens digit of 188286?
8
What is the ten thousands digit of 798891?
9
What is the hundreds digit of 49918?
9
What is the thousands digit of 10509260?
9
What is the hundreds digit of 1141249?
2
What is the hundred thousands digit of 166169?
1
What is the thousands digit of 102915?
2
What is the tens digit of 177669?
6
What is the units digit of 3351723?
3
What is the units digit of 7031847?
7
What is the ten thousands digit of 2607597?
0
What is the ten thousands digit of 157679?
5
What is the tens digit of 1754520?
2
What is the ten thousands digit of 5814217?
1
What is the millions digit of 3247811?
3
What is the units digit of 8963729?
9
What is the tens digit of 618461?
6
What is the thousands digit of 3809243?
9
What is the units digit of 160076?
6
What is the hundred thousands digit of 1070383?
0
What is the hundred thousands digit of 23666398?
6
What is the tens digit of 440201?
0
What is the thousands digit of 198698?
8
What is the hundreds digit of 6913683?
6
What is the thousands digit of 774388?
4
What is the hundreds digit of 2023633?
6
What is the tens digit of 605329?
2
What is the ten thousands digit of 2004531?
0
What is the hundreds digit of 380660?
6
What is the ten thousands digit of 229312?
2
What is the units digit of 3212724?
4
What is the thousands digit of 18979021?
9
What is the hundred thousands digit of 2641282?
6
What is the units digit of 2708492?
2
What is the units digit of 4650416?
6
What is the units digit of 1221709?
9
What is the hundred thousands digit of 1027548?
0
What is the units digit of 1702935?
5
What is the thousands digit of 550522?
0
What is the ten thousands digit of 754233?
5
What is the units digit of 5349012?
2
What is the millions digit of 13811597?
3
What is the hundred thousands digit of 145497?
1
What is the tens digit of 66721?
2
What is the hundred thousands digit of 825697?
8
What is the thousands digit of 2782027?
2
What is the units digit of 85960?
0
What is the units digit of 1051189?
9
What is the hundreds digit of 62548?
5
What is the tens digit of 5820154?
5
What is the hundred thousands digit of 5187688?
1
What is the tens digit of 99208?
0
What is the hundreds digit of 140700?
7
What is the ten thousands digit of 278719?
7
What is the units digit of 27465?
5
What is the units digit of 33269286?
6
What is the tens digit of 203357?
5
What is the hundreds digit of 386459?
4
What is the hundreds digit of 177310?
3
What is the thousands digit of 8990212?
0
What is the tens digit of 6872262?
6
What is the ten thousands digit of 16010972?
1
What is the hundred thousands digit of 13532378?
5
What is the thousands digit of 18269035?
9
What is the units digit of 21455199?
9
What is the tens digit of 17424?
2
What is the thousands digit of 671327?
1
What is the ten millions digit of 18960726?
1
What is the units digit of 5033794?
4
What is the units digit of 6426917?
7
What is the thousands digit of 6788447?
8
What is the hundred thousands digit of 715514?
7
What is the ten thousands digit of 248530?
4
What is the thousands digit of 9452762?
2
What is the millions digit of 3076601?
3
What is the units digit of 258245?
5
What is the units digit of 606481?
1
What is the hundreds digit of 2989752?
7
What is the thousands digit of 1579886?
9
What is the thousands digit of 190778?
0
What is the hundreds digit of 729354?
3
What is the tens digit of 7091619?
1
What is the units digit of 7034772?
2
What is the hundred thousands digit of 777563?
7
What is the ten thousands digit of 121181?
2
What is the tens digit of 2521917?
1
What is the hundreds digit of 305006?
0
What is the hundred thousands digit of 453934?
4
What is the tens digit of 4154521?
2
What is the tens digit of 942683?
8
What is the thousands digit of 11538825?
8
What is the ten thousands digit of 409434?
0
What is the units digit of 23790227?
7
What is the hundred thousands digit of 1447423?
4
What is the thousands digit of 600473?
0
What is the thousands digit of 180107?
0
What is the millions digit of 8622331?
8
What is the millions digit of 23208977?
3
What is the tens digit of 274084?
8
What is the millions digit of 18658440?
8
What is the hundreds digit of 30078?
0
What is the thousands digit of 5864184?
4
What is the thousands digit of 376321?
6
What is the tens digit of 562844?
4
What is the hundred thousands digit of 722247?
7
What is the tens digit of 2097941?
4
What is the millions digit of 14197001?
4
What is the thousands digit of 265605?
5
What is the tens digit of 342294?
9
What is the millions digit of 2125132?
2
What is the hundreds digit of 3477314?
3
What is the hundreds digit of 1112868?
8
What is the units digit of 225336?
6
What is the tens digit of 6661